{"id":875,"date":"2024-01-03T08:41:00","date_gmt":"2024-01-03T07:41:00","guid":{"rendered":"https:\/\/zku-krizevci.hr\/?page_id=875"},"modified":"2024-01-03T08:41:00","modified_gmt":"2024-01-03T07:41:00","slug":"o-nama-arhiva-03-01-2024","status":"publish","type":"page","link":"https:\/\/zku-krizevci.hr\/?page_id=875","title":{"rendered":"O NAMA &#8211; Arhiva 03.01.2024."},"content":{"rendered":"<div class=\"fusion-fullwidth fullwidth-box fusion-builder-row-1 hundred-percent-fullwidth non-hundred-percent-height-scrolling\" style=\"--awb-border-radius-top-left:0px;--awb-border-radius-top-right:0px;--awb-border-radius-bottom-right:0px;--awb-border-radius-bottom-left:0px;--awb-overflow:visible;--awb-flex-wrap:wrap;\" ><div class=\"fusion-builder-row fusion-row\"><div class=\"fusion-layout-column fusion_builder_column fusion-builder-column-0 fusion_builder_column_1_1 1_1 fusion-one-full fusion-column-first fusion-column-last fusion-column-no-min-height\" style=\"--awb-bg-size:cover;--awb-margin-bottom:0px;\"><div class=\"fusion-column-wrapper fusion-flex-column-wrapper-legacy\"><div class=\"fusion-text fusion-text-1 fusion-text-no-margin\" style=\"--awb-margin-bottom:30px;\"><h1 style=\"text-align: center;\"><span style=\"color: #800000;\"><strong>OSNOVNI PODACI O KREDITNOJ UNIJI<\/strong><\/span><\/h1>\n<\/div><div class=\"fusion-text fusion-text-2\" style=\"--awb-text-font-family:Arial, Helvetica, sans-serif;--awb-text-font-style:normal;--awb-text-font-weight:400;\"><p><span style=\"color: #000000;\"><span style=\"color: #800000;\"><strong>Zanatska kreditna unija Kri\u017eevci<\/strong><\/span>\u00a0nastala je preoblikovanjem Zanatlijske \u0161tedne i kreditne zadruge Kri\u017eevci koja je osnovana 19. studenog 1933.g. Preoblikovanje je provedeno sukladno odredbama Zakona o kreditnim unijama u Zanatsku kreditnu uniju, Rje\u0161enje Hrvatske narodne banke broj 439-020\/07-08\/\u017dR od 01.07.2008.godine, Rje\u0161enje Trgova\u010dkog suda u Bjelovaru Tt-08\/835-5 od 17.10.2008. godine,\u00a0\u00a0 (MBS:010045344, OIB:17131485475). Zadnji upis u sudski registar po Rje\u0161enju Tt-16\/3405-2 od 28. lipnja. 2016. godine.<\/span><\/p>\n<p><span style=\"color: #000000;\">U svom poslovanju Zanatska kreditna unija primjenjuje Statut kojeg je usvojila Skup\u0161tina Kreditne unije na sjednici 7. prosinca 1998. s izmjenama i dopunama od 26. travnja 1999. Kreditna unija osnovana je na temelju teritorijalnog na\u010dela (\u010dlanak\u00a0 5.st.2. to\u010dka 3 Zakona o kreditnim unijama).<\/span><\/p>\n<p><span style=\"color: #000000;\">Poslovna adresa: Ivana Zakmardija Dijankove\u010dkog 7, 48260 Kri\u017eevci<\/span><\/p>\n<p><span style=\"color: #000000;\">Poslovna banka: Zagreba\u010dka banka d.d. Zagreb<\/span><\/p>\n<p><span style=\"color: #800000;\"><strong>Registrirane djelatnosti Kreditne unije:<\/strong><\/span><\/p>\n<table>\n<tbody>\n<tr>\n<td><\/td>\n<td><span style=\"color: #000000;\">\u00b7\u00a0\u00a0\u00a0\u00a0\u00a0\u00a0\u00a0\u00a0 primanje nov\u010danih depozita \u010dlanova kreditne unije u doma\u0107oj valuti<\/span><\/td>\n<\/tr>\n<tr>\n<td><\/td>\n<td><span style=\"color: #000000;\">\u00b7\u00a0\u00a0\u00a0\u00a0\u00a0\u00a0\u00a0\u00a0 odobravanje kredita \u010dlanovima kreditne unije u doma\u0107oj valuti<\/span><\/td>\n<\/tr>\n<tr>\n<td><\/td>\n<td><span style=\"color: #000000;\">\u00b7\u00a0\u00a0\u00a0\u00a0\u00a0\u00a0\u00a0\u00a0 dodjeljivanje nov\u010dane pomo\u0107i \u010dlanovima kreditne unije<\/span><\/td>\n<\/tr>\n<tr>\n<td><\/td>\n<td><span style=\"color: #000000;\">\u00b7\u00a0\u00a0\u00a0\u00a0\u00a0\u00a0\u00a0\u00a0 davanje jamstva za obveze \u010dlanova kreditne unije u doma\u0107oj valuti<\/span><\/td>\n<\/tr>\n<\/tbody>\n<\/table>\n<p><span style=\"color: #000000;\"><strong>\u00a0<\/strong><\/span><\/p>\n<p><span style=\"color: #000000;\">Temeljni kapital u sudskom registru iznosi 67.210,83 EUR (506.400,00 HRK po te\u010daju konverzije = 7,53450).<\/span><\/p>\n<p><span style=\"color: #000000;\">\u010clanove kreditne unije \u010dine fizi\u010dke osobe s prebivali\u0161tem na podru\u010dju Koprivni\u010dko-kri\u017eeva\u010dke \u017eupanije, trgovci pojedinci i obrtnici sa sjedi\u0161tem na podru\u010dju Koprivni\u010dko-Kri\u017eeva\u010dke \u017eupanije.<\/span><\/p>\n<\/div><div class=\"fusion-clearfix\"><\/div><\/div><\/div><div class=\"fusion-layout-column fusion_builder_column fusion-builder-column-1 fusion_builder_column_1_1 1_1 fusion-one-full fusion-column-first fusion-column-last\" style=\"--awb-bg-size:cover;\"><div class=\"fusion-column-wrapper fusion-flex-column-wrapper-legacy\"><div class=\"fusion-text fusion-text-3\"><h3 style=\"text-align: right;\">\u00a0 \u00a0<strong><span style=\"color: #800000;\"><a style=\"color: #800000;\" href=\"http:\/\/zku-krizevci.hr\/?page_id=580\">ARHIVA\u00a0STARIJIH VERZIJA<\/a><\/span><\/strong><\/h3>\n<\/div><div class=\"fusion-clearfix\"><\/div><\/div><\/div><\/div><\/div>\n","protected":false},"excerpt":{"rendered":"","protected":false},"author":1,"featured_media":0,"parent":0,"menu_order":0,"comment_status":"closed","ping_status":"closed","template":"","meta":{"footnotes":""},"class_list":["post-875","page","type-page","status-publish","hentry"],"_links":{"self":[{"href":"https:\/\/zku-krizevci.hr\/index.php?rest_route=\/wp\/v2\/pages\/875","targetHints":{"allow":["GET"]}}],"collection":[{"href":"https:\/\/zku-krizevci.hr\/index.php?rest_route=\/wp\/v2\/pages"}],"about":[{"href":"https:\/\/zku-krizevci.hr\/index.php?rest_route=\/wp\/v2\/types\/page"}],"author":[{"embeddable":true,"href":"https:\/\/zku-krizevci.hr\/index.php?rest_route=\/wp\/v2\/users\/1"}],"replies":[{"embeddable":true,"href":"https:\/\/zku-krizevci.hr\/index.php?rest_route=%2Fwp%2Fv2%2Fcomments&post=875"}],"version-history":[{"count":1,"href":"https:\/\/zku-krizevci.hr\/index.php?rest_route=\/wp\/v2\/pages\/875\/revisions"}],"predecessor-version":[{"id":876,"href":"https:\/\/zku-krizevci.hr\/index.php?rest_route=\/wp\/v2\/pages\/875\/revisions\/876"}],"wp:attachment":[{"href":"https:\/\/zku-krizevci.hr\/index.php?rest_route=%2Fwp%2Fv2%2Fmedia&parent=875"}],"curies":[{"name":"wp","href":"https:\/\/api.w.org\/{rel}","templated":true}]}}